{"id":61293,"date":"2025-08-28T16:02:14","date_gmt":"2025-08-28T14:02:14","guid":{"rendered":"https:\/\/www.sos-light.ch\/produit\/luxlinea\/"},"modified":"2026-04-22T10:36:48","modified_gmt":"2026-04-22T08:36:48","slug":"luxlinea","status":"publish","type":"product","link":"https:\/\/www.sos-light.ch\/en\/produit\/luxlinea\/","title":{"rendered":"LuxLin\u00e9a"},"content":{"rendered":"<p>LED linear fixture with opal diffuser, 1205\u00d757\u00d776 mm, selectable power: 16W \/ 22W \/ 25W \/ 32W, luminous flux: 1800\u20132000 lm (16W), 2550\u20132650 lm (22W), 2850\u20133000 lm (25W), 3550\u20133850 lm (32W). Beam angle 105\u00b0, CCT 3000K \/ 4000K, CRI 80, SMD2835, AC 220\u2013240 V 50\/60 Hz, flicker-free, DALI dimmable. <\/p>\n","protected":false},"excerpt":{"rendered":"<p>LED linear fixture with opal diffuser, 1205\u00d757\u00d776 mm, selectable power: 16W \/ 22W \/ 25W \/ 32W, luminous flux: 1800\u20132000 lm (16W), 2550\u20132650 lm (22W), 2850\u20133000 lm (25W), 3550\u20133850 lm (32W). Beam angle 105\u00b0, CCT 3000K \/ 4000K, CRI 80, SMD2835, AC 220\u2013240 V 50\/60 Hz, flicker-free, DALI dimmable.<\/p>\n","protected":false},"featured_media":50477,"template":"","meta":{"_acf_changed":false,"_eb_attr":""},"product_brand":[],"product_cat":[4579,1981],"product_tag":[],"class_list":{"0":"post-61293","1":"product","2":"type-product","3":"status-publish","4":"has-post-thumbnail","6":"product_cat-interior","7":"product_cat-non-classe","9":"first","10":"onbackorder","11":"taxable","12":"shipping-taxable","13":"purchasable","14":"product-type-variable"},"acf":[],"yoast_head":"<!-- This site is optimized with the Yoast SEO plugin v27.4 - https:\/\/yoast.com\/product\/yoast-seo-wordpress\/ -->\n<title>LuxLin\u00e9a - SOS-Light<\/title>\n<meta name=\"robots\" content=\"index, follow, max-snippet:-1, max-image-preview:large, max-video-preview:-1\" \/>\n<link rel=\"canonical\" href=\"https:\/\/www.sos-light.ch\/en\/produit\/luxlinea\/\" \/>\n<meta property=\"og:locale\" content=\"en_US\" \/>\n<meta property=\"og:type\" content=\"article\" \/>\n<meta property=\"og:title\" content=\"LuxLin\u00e9a - SOS-Light\" \/>\n<meta property=\"og:description\" content=\"LED linear fixture with opal diffuser, 1205\u00d757\u00d776 mm, selectable power: 16W \/ 22W \/ 25W \/ 32W, luminous flux: 1800\u20132000 lm (16W), 2550\u20132650 lm (22W), 2850\u20133000 lm (25W), 3550\u20133850 lm (32W). Beam angle 105\u00b0, CCT 3000K \/ 4000K, CRI 80, SMD2835, AC 220\u2013240 V 50\/60 Hz, flicker-free, DALI dimmable.\" \/>\n<meta property=\"og:url\" content=\"https:\/\/www.sos-light.ch\/en\/produit\/luxlinea\/\" \/>\n<meta property=\"og:site_name\" content=\"SOS-Light\" \/>\n<meta property=\"article:modified_time\" content=\"2026-04-22T08:36:48+00:00\" \/>\n<meta property=\"og:image\" content=\"https:\/\/www.sos-light.ch\/wp-content\/uploads\/2025\/08\/LuxLinea.png\" \/>\n\t<meta property=\"og:image:width\" content=\"1000\" \/>\n\t<meta property=\"og:image:height\" content=\"1000\" \/>\n\t<meta property=\"og:image:type\" content=\"image\/png\" \/>\n<meta name=\"twitter:card\" content=\"summary_large_image\" \/>\n<script type=\"application\/ld+json\" class=\"yoast-schema-graph\">{\"@context\":\"https:\\\/\\\/schema.org\",\"@graph\":[{\"@type\":\"WebPage\",\"@id\":\"https:\\\/\\\/www.sos-light.ch\\\/en\\\/produit\\\/luxlinea\\\/\",\"url\":\"https:\\\/\\\/www.sos-light.ch\\\/en\\\/produit\\\/luxlinea\\\/\",\"name\":\"LuxLin\u00e9a - SOS-Light\",\"isPartOf\":{\"@id\":\"https:\\\/\\\/www.sos-light.ch\\\/en\\\/#website\"},\"primaryImageOfPage\":{\"@id\":\"https:\\\/\\\/www.sos-light.ch\\\/en\\\/produit\\\/luxlinea\\\/#primaryimage\"},\"image\":{\"@id\":\"https:\\\/\\\/www.sos-light.ch\\\/en\\\/produit\\\/luxlinea\\\/#primaryimage\"},\"thumbnailUrl\":\"https:\\\/\\\/www.sos-light.ch\\\/wp-content\\\/uploads\\\/2025\\\/08\\\/LuxLinea.png\",\"datePublished\":\"2025-08-28T14:02:14+00:00\",\"dateModified\":\"2026-04-22T08:36:48+00:00\",\"breadcrumb\":{\"@id\":\"https:\\\/\\\/www.sos-light.ch\\\/en\\\/produit\\\/luxlinea\\\/#breadcrumb\"},\"inLanguage\":\"en-US\",\"potentialAction\":[{\"@type\":\"ReadAction\",\"target\":[\"https:\\\/\\\/www.sos-light.ch\\\/en\\\/produit\\\/luxlinea\\\/\"]}]},{\"@type\":\"ImageObject\",\"inLanguage\":\"en-US\",\"@id\":\"https:\\\/\\\/www.sos-light.ch\\\/en\\\/produit\\\/luxlinea\\\/#primaryimage\",\"url\":\"https:\\\/\\\/www.sos-light.ch\\\/wp-content\\\/uploads\\\/2025\\\/08\\\/LuxLinea.png\",\"contentUrl\":\"https:\\\/\\\/www.sos-light.ch\\\/wp-content\\\/uploads\\\/2025\\\/08\\\/LuxLinea.png\",\"width\":1000,\"height\":1000},{\"@type\":\"BreadcrumbList\",\"@id\":\"https:\\\/\\\/www.sos-light.ch\\\/en\\\/produit\\\/luxlinea\\\/#breadcrumb\",\"itemListElement\":[{\"@type\":\"ListItem\",\"position\":1,\"name\":\"Accueil\",\"item\":\"https:\\\/\\\/www.sos-light.ch\\\/en\\\/\"},{\"@type\":\"ListItem\",\"position\":2,\"name\":\"Lighting solutions\",\"item\":\"https:\\\/\\\/www.sos-light.ch\\\/en\\\/lighting-solutions\\\/\"},{\"@type\":\"ListItem\",\"position\":3,\"name\":\"LuxLin\u00e9a\"}]},{\"@type\":\"WebSite\",\"@id\":\"https:\\\/\\\/www.sos-light.ch\\\/en\\\/#website\",\"url\":\"https:\\\/\\\/www.sos-light.ch\\\/en\\\/\",\"name\":\"SOS-Light\",\"description\":\"Solutions d\u2019\u00e9clairages standard et de secours\",\"publisher\":{\"@id\":\"https:\\\/\\\/www.sos-light.ch\\\/en\\\/#organization\"},\"potentialAction\":[{\"@type\":\"SearchAction\",\"target\":{\"@type\":\"EntryPoint\",\"urlTemplate\":\"https:\\\/\\\/www.sos-light.ch\\\/en\\\/?s={search_term_string}\"},\"query-input\":{\"@type\":\"PropertyValueSpecification\",\"valueRequired\":true,\"valueName\":\"search_term_string\"}}],\"inLanguage\":\"en-US\"},{\"@type\":\"Organization\",\"@id\":\"https:\\\/\\\/www.sos-light.ch\\\/en\\\/#organization\",\"name\":\"SOS-Light\",\"url\":\"https:\\\/\\\/www.sos-light.ch\\\/en\\\/\",\"logo\":{\"@type\":\"ImageObject\",\"inLanguage\":\"en-US\",\"@id\":\"https:\\\/\\\/www.sos-light.ch\\\/en\\\/#\\\/schema\\\/logo\\\/image\\\/\",\"url\":\"https:\\\/\\\/www.sos-light.ch\\\/wp-content\\\/uploads\\\/2023\\\/04\\\/cropped-logo-woocommerce.png\",\"contentUrl\":\"https:\\\/\\\/www.sos-light.ch\\\/wp-content\\\/uploads\\\/2023\\\/04\\\/cropped-logo-woocommerce.png\",\"width\":150,\"height\":98,\"caption\":\"SOS-Light\"},\"image\":{\"@id\":\"https:\\\/\\\/www.sos-light.ch\\\/en\\\/#\\\/schema\\\/logo\\\/image\\\/\"}}]}<\/script>\n<!-- \/ Yoast SEO plugin. -->","yoast_head_json":{"title":"LuxLin\u00e9a - SOS-Light","robots":{"index":"index","follow":"follow","max-snippet":"max-snippet:-1","max-image-preview":"max-image-preview:large","max-video-preview":"max-video-preview:-1"},"canonical":"https:\/\/www.sos-light.ch\/en\/produit\/luxlinea\/","og_locale":"en_US","og_type":"article","og_title":"LuxLin\u00e9a - SOS-Light","og_description":"LED linear fixture with opal diffuser, 1205\u00d757\u00d776 mm, selectable power: 16W \/ 22W \/ 25W \/ 32W, luminous flux: 1800\u20132000 lm (16W), 2550\u20132650 lm (22W), 2850\u20133000 lm (25W), 3550\u20133850 lm (32W). Beam angle 105\u00b0, CCT 3000K \/ 4000K, CRI 80, SMD2835, AC 220\u2013240 V 50\/60 Hz, flicker-free, DALI dimmable.","og_url":"https:\/\/www.sos-light.ch\/en\/produit\/luxlinea\/","og_site_name":"SOS-Light","article_modified_time":"2026-04-22T08:36:48+00:00","og_image":[{"width":1000,"height":1000,"url":"https:\/\/www.sos-light.ch\/wp-content\/uploads\/2025\/08\/LuxLinea.png","type":"image\/png"}],"twitter_card":"summary_large_image","schema":{"@context":"https:\/\/schema.org","@graph":[{"@type":"WebPage","@id":"https:\/\/www.sos-light.ch\/en\/produit\/luxlinea\/","url":"https:\/\/www.sos-light.ch\/en\/produit\/luxlinea\/","name":"LuxLin\u00e9a - SOS-Light","isPartOf":{"@id":"https:\/\/www.sos-light.ch\/en\/#website"},"primaryImageOfPage":{"@id":"https:\/\/www.sos-light.ch\/en\/produit\/luxlinea\/#primaryimage"},"image":{"@id":"https:\/\/www.sos-light.ch\/en\/produit\/luxlinea\/#primaryimage"},"thumbnailUrl":"https:\/\/www.sos-light.ch\/wp-content\/uploads\/2025\/08\/LuxLinea.png","datePublished":"2025-08-28T14:02:14+00:00","dateModified":"2026-04-22T08:36:48+00:00","breadcrumb":{"@id":"https:\/\/www.sos-light.ch\/en\/produit\/luxlinea\/#breadcrumb"},"inLanguage":"en-US","potentialAction":[{"@type":"ReadAction","target":["https:\/\/www.sos-light.ch\/en\/produit\/luxlinea\/"]}]},{"@type":"ImageObject","inLanguage":"en-US","@id":"https:\/\/www.sos-light.ch\/en\/produit\/luxlinea\/#primaryimage","url":"https:\/\/www.sos-light.ch\/wp-content\/uploads\/2025\/08\/LuxLinea.png","contentUrl":"https:\/\/www.sos-light.ch\/wp-content\/uploads\/2025\/08\/LuxLinea.png","width":1000,"height":1000},{"@type":"BreadcrumbList","@id":"https:\/\/www.sos-light.ch\/en\/produit\/luxlinea\/#breadcrumb","itemListElement":[{"@type":"ListItem","position":1,"name":"Accueil","item":"https:\/\/www.sos-light.ch\/en\/"},{"@type":"ListItem","position":2,"name":"Lighting solutions","item":"https:\/\/www.sos-light.ch\/en\/lighting-solutions\/"},{"@type":"ListItem","position":3,"name":"LuxLin\u00e9a"}]},{"@type":"WebSite","@id":"https:\/\/www.sos-light.ch\/en\/#website","url":"https:\/\/www.sos-light.ch\/en\/","name":"SOS-Light","description":"Solutions d\u2019\u00e9clairages standard et de secours","publisher":{"@id":"https:\/\/www.sos-light.ch\/en\/#organization"},"potentialAction":[{"@type":"SearchAction","target":{"@type":"EntryPoint","urlTemplate":"https:\/\/www.sos-light.ch\/en\/?s={search_term_string}"},"query-input":{"@type":"PropertyValueSpecification","valueRequired":true,"valueName":"search_term_string"}}],"inLanguage":"en-US"},{"@type":"Organization","@id":"https:\/\/www.sos-light.ch\/en\/#organization","name":"SOS-Light","url":"https:\/\/www.sos-light.ch\/en\/","logo":{"@type":"ImageObject","inLanguage":"en-US","@id":"https:\/\/www.sos-light.ch\/en\/#\/schema\/logo\/image\/","url":"https:\/\/www.sos-light.ch\/wp-content\/uploads\/2023\/04\/cropped-logo-woocommerce.png","contentUrl":"https:\/\/www.sos-light.ch\/wp-content\/uploads\/2023\/04\/cropped-logo-woocommerce.png","width":150,"height":98,"caption":"SOS-Light"},"image":{"@id":"https:\/\/www.sos-light.ch\/en\/#\/schema\/logo\/image\/"}}]}},"_links":{"self":[{"href":"https:\/\/www.sos-light.ch\/en\/wp-json\/wp\/v2\/product\/61293","targetHints":{"allow":["GET"]}}],"collection":[{"href":"https:\/\/www.sos-light.ch\/en\/wp-json\/wp\/v2\/product"}],"about":[{"href":"https:\/\/www.sos-light.ch\/en\/wp-json\/wp\/v2\/types\/product"}],"wp:featuredmedia":[{"embeddable":true,"href":"https:\/\/www.sos-light.ch\/en\/wp-json\/wp\/v2\/media\/50477"}],"wp:attachment":[{"href":"https:\/\/www.sos-light.ch\/en\/wp-json\/wp\/v2\/media?parent=61293"}],"wp:term":[{"taxonomy":"product_brand","embeddable":true,"href":"https:\/\/www.sos-light.ch\/en\/wp-json\/wp\/v2\/product_brand?post=61293"},{"taxonomy":"product_cat","embeddable":true,"href":"https:\/\/www.sos-light.ch\/en\/wp-json\/wp\/v2\/product_cat?post=61293"},{"taxonomy":"product_tag","embeddable":true,"href":"https:\/\/www.sos-light.ch\/en\/wp-json\/wp\/v2\/product_tag?post=61293"}],"curies":[{"name":"wp","href":"https:\/\/api.w.org\/{rel}","templated":true}]}}

LuxLinéa

<!-- This site is optimized with the Yoast SEO plugin v27.4 - https://yoast.com/product/yoast-seo-wordpress/ -->
<title>LuxLinéa - SOS-Light</title>
<meta name="robots" content="index, follow, max-snippet:-1, max-image-preview:large, max-video-preview:-1" />
<link rel="canonical" href="https://www.sos-light.ch/en/produit/luxlinea/" />
<meta property="og:locale" content="en_US" />
<meta property="og:type" content="article" />
<meta property="og:title" content="LuxLinéa - SOS-Light" />
<meta property="og:description" content="LED linear fixture with opal diffuser, 1205×57×76 mm, selectable power: 16W / 22W / 25W / 32W, luminous flux: 1800–2000 lm (16W), 2550–2650 lm (22W), 2850–3000 lm (25W), 3550–3850 lm (32W). Beam angle 105°, CCT 3000K / 4000K, CRI 80, SMD2835, AC 220–240 V 50/60 Hz, flicker-free, DALI dimmable." />
<meta property="og:url" content="https://www.sos-light.ch/en/produit/luxlinea/" />
<meta property="og:site_name" content="SOS-Light" />
<meta property="article:modified_time" content="2026-04-22T08:36:48+00:00" />
<meta property="og:image" content="https://www.sos-light.ch/wp-content/uploads/2025/08/LuxLinea.png" />
	<meta property="og:image:width" content="1000" />
	<meta property="og:image:height" content="1000" />
	<meta property="og:image:type" content="image/png" />
<meta name="twitter:card" content="summary_large_image" />
<script type="application/ld+json" class="yoast-schema-graph">{"@context":"https:\/\/schema.org","@graph":[{"@type":"WebPage","@id":"https:\/\/www.sos-light.ch\/en\/produit\/luxlinea\/","url":"https:\/\/www.sos-light.ch\/en\/produit\/luxlinea\/","name":"LuxLinéa - SOS-Light","isPartOf":{"@id":"https:\/\/www.sos-light.ch\/en\/#website"},"primaryImageOfPage":{"@id":"https:\/\/www.sos-light.ch\/en\/produit\/luxlinea\/#primaryimage"},"image":{"@id":"https:\/\/www.sos-light.ch\/en\/produit\/luxlinea\/#primaryimage"},"thumbnailUrl":"https:\/\/www.sos-light.ch\/wp-content\/uploads\/2025\/08\/LuxLinea.png","datePublished":"2025-08-28T14:02:14+00:00","dateModified":"2026-04-22T08:36:48+00:00","breadcrumb":{"@id":"https:\/\/www.sos-light.ch\/en\/produit\/luxlinea\/#breadcrumb"},"inLanguage":"en-US","potentialAction":[{"@type":"ReadAction","target":["https:\/\/www.sos-light.ch\/en\/produit\/luxlinea\/"]}]},{"@type":"ImageObject","inLanguage":"en-US","@id":"https:\/\/www.sos-light.ch\/en\/produit\/luxlinea\/#primaryimage","url":"https:\/\/www.sos-light.ch\/wp-content\/uploads\/2025\/08\/LuxLinea.png","contentUrl":"https:\/\/www.sos-light.ch\/wp-content\/uploads\/2025\/08\/LuxLinea.png","width":1000,"height":1000},{"@type":"BreadcrumbList","@id":"https:\/\/www.sos-light.ch\/en\/produit\/luxlinea\/#breadcrumb","itemListElement":[{"@type":"ListItem","position":1,"name":"Accueil","item":"https:\/\/www.sos-light.ch\/en\/"},{"@type":"ListItem","position":2,"name":"Lighting solutions","item":"https:\/\/www.sos-light.ch\/en\/lighting-solutions\/"},{"@type":"ListItem","position":3,"name":"LuxLinéa"}]},{"@type":"WebSite","@id":"https:\/\/www.sos-light.ch\/en\/#website","url":"https:\/\/www.sos-light.ch\/en\/","name":"SOS-Light","description":"Solutions d’éclairages standard et de secours","publisher":{"@id":"https:\/\/www.sos-light.ch\/en\/#organization"},"potentialAction":[{"@type":"SearchAction","target":{"@type":"EntryPoint","urlTemplate":"https:\/\/www.sos-light.ch\/en\/?s={search_term_string}"},"query-input":{"@type":"PropertyValueSpecification","valueRequired":true,"valueName":"search_term_string"}}],"inLanguage":"en-US"},{"@type":"Organization","@id":"https:\/\/www.sos-light.ch\/en\/#organization","name":"SOS-Light","url":"https:\/\/www.sos-light.ch\/en\/","logo":{"@type":"ImageObject","inLanguage":"en-US","@id":"https:\/\/www.sos-light.ch\/en\/#\/schema\/logo\/image\/","url":"https:\/\/www.sos-light.ch\/wp-content\/uploads\/2023\/04\/cropped-logo-woocommerce.png","contentUrl":"https:\/\/www.sos-light.ch\/wp-content\/uploads\/2023\/04\/cropped-logo-woocommerce.png","width":150,"height":98,"caption":"SOS-Light"},"image":{"@id":"https:\/\/www.sos-light.ch\/en\/#\/schema\/logo\/image\/"}}]}</script>
<!-- / Yoast SEO plugin. -->

LuxLinéa - SOS-Light

Solutions d’éclairages standard et de secours
